{"id":6634,"date":"2018-01-16T17:58:42","date_gmt":"2018-01-16T17:58:42","guid":{"rendered":"http:\/\/intereuropa.es\/valencia\/"},"modified":"2019-11-21T11:26:57","modified_gmt":"2019-11-21T11:26:57","slug":"valence","status":"publish","type":"page","link":"https:\/\/intereuropa.es\/fr\/valence\/","title":{"rendered":"Valencia"},"content":{"rendered":"<div class=\"wpb-content-wrapper\"><p>[vc_row][vc_column]<div class=\"columns_wrap sc_columns columns_nofluid sc_columns_count_2\"><div class=\"column-1_2 sc_column_item sc_column_item_1 odd first\">[vc_gallery interval=\u00a0\u00bb3&Prime; images=\u00a0\u00bb1122,1123,1121,1115&Prime; img_size=\u00a0\u00bbfull\u00a0\u00bb onclick=\u00a0\u00bb\u00a0\u00bb el_id=\u00a0\u00bbvalenciagaleriauna\u00a0\u00bb el_class=\u00a0\u00bbvalenciagaleria\u00a0\u00bb]<\/div><div class=\"column-1_2 sc_column_item sc_column_item_2 even\">[vc_column_text]<\/p>\n<h4 style=\"margin-top: 0em; font-size: 27px;\">\u00c9cole d&rsquo;espagnol \u00e0 Valence<\/h4>\n<p><span class=\"texto Estilo6\">Valence, troisi\u00e8me ville d\u2019Espagne apr\u00e8s Madrid et Barcelone.<br \/>\nVive et dynamique, Valence est une ville moderne, plus connue encore aujourd\u2019hui pour sa Cit\u00e9 des Arts et des Sciences qui comprend le plus grand aquarium d\u2019Europe, l\u00b4H\u00e9misferic, le Mus\u00e9e des Sciences, le Bioparc et le circuit urbain de Formule 1. Valence est sans aucun doute un endroit attrayant pour apprendre l\u2019espagnol, sans le stress des grandes villes mais avec tous les avantages que celle-ci vous offrent. <\/span><\/p>\n<h4 style=\"margin-top: 1.5em; font-size: 27px;\">La R\u00e9gion<\/h4>\n<p>Son climat chaud et ses plages extraordinaires offrent la possibilit\u00e9 de pratiquer diff\u00e9rents sports comme le golf, l\u2019\u00e9quitation, le tennis et une grande vari\u00e9t\u00e9 de sports nautiques. L\u2019offre nocturne de Valence est une des plus int\u00e9ressantes et originales de toute la c\u00f4te m\u00e9diterran\u00e9enne.[\/vc_column_text]<\/div><\/div>[vc_empty_space]<div class=\"columns_wrap sc_columns columns_nofluid sc_columns_count_2\"><div class=\"column-1_2 sc_column_item sc_column_item_1 odd first\">[vc_column_text]<\/p>\n<h4 style=\"margin-top: 0em; font-size: 27px;\">A Valence, vous ne vous sentirez jamais seul<\/h4>\n<p class=\"titulopeq\">Il y a toujours des f\u00eates dans les environs pendant les mois de juillet, ao\u00fbt et septembre. Ce sont g\u00e9n\u00e9ralement des f\u00eates en comm\u00e9moration des Saints patrons ou des c\u00e9l\u00e9brations de faits historiques de la communaut\u00e9, des feux d\u2019artifices et les fameuses corridas de taureaux.<br \/>\nLa f\u00eate locale de Valence \u00ab LAS FALLAS \u00bb, est la plus importante et la plus c\u00e9l\u00e8bre de la ville. Au mois de mars, pendant 4 jours, des monuments de papier m\u00e2ch\u00e9 qui refl\u00e8tent des th\u00e8mes populaires et ironiques se dressent dans tous les coins de la ville pour \u00eatre br\u00fbl\u00e9s le 19 mars.<\/p>\n<p class=\"titulopeq\">Plusieurs fois par an, quelle que soit l\u2019occasion, on pourra observer des feux d\u2019artifices dans la ville de Valence.<\/p>\n<p>[\/vc_column_text]<\/div><div class=\"column-1_2 sc_column_item sc_column_item_2 even\">[vc_gallery interval=\u00a0\u00bb3&Prime; images=\u00a0\u00bb1120,1119,1118,1116&Prime; img_size=\u00a0\u00bbfull\u00a0\u00bb onclick=\u00a0\u00bb\u00a0\u00bb el_class=\u00a0\u00bbvalenciagaleria\u00a0\u00bb el_id=\u00a0\u00bbvalenciagaleriados\u00a0\u00bb]<\/div><\/div>[vc_empty_space][\/vc_column][\/vc_row][vc_row parallax=\u00a0\u00bbcontent-moving\u00a0\u00bb parallax_image=\u00a0\u00bb907&Prime;][vc_column width=\u00a0\u00bb1\/2&Prime;]<div id=\"sc_call_to_action_1657467022\" class=\"sc_call_to_action sc_call_to_action_style_2 sc_call_to_action_align_center margin_top_small margin_bottom_small margin_left_small\" style=\"width:100%;\"><div class=\"sc_call_to_action_info\"><h4 class=\"sc_call_to_action_subtitle sc_item_subtitle\">Qu'est-ce que vous devez savoir avant de voyager \u00e0 Valence?<\/h4><\/div><div class=\"sc_call_to_action_buttons sc_item_buttons\"><div class=\"sc_call_to_action_button sc_item_button\"><a href=\"http:\/\/intereuropa.es\/fr\/venir-a-valence\/\" class=\"sc_button sc_button_square sc_button_style_filled sc_button_size_large\">En savoir plus<\/a><\/div><\/div><\/div>[\/vc_column][vc_column width=\u00a0\u00bb1\/2&Prime;][\/vc_column][\/vc_row]<\/p>\n<\/div>","protected":false},"excerpt":{"rendered":"<p>[vc_row][vc_column][vc_empty_space][vc_empty_space][\/vc_column][\/vc_row][vc_row parallax=\u00a0\u00bbcontent-moving\u00a0\u00bb parallax_image=\u00a0\u00bb907&Prime;][vc_column width=\u00a0\u00bb1\/2&Prime;][\/vc_column][vc_column width=\u00a0\u00bb1\/2&Prime;][\/vc_column][\/vc_row]<\/p>\n","protected":false},"author":12,"featured_media":0,"parent":0,"menu_order":0,"comment_status":"closed","ping_status":"closed","template":"","meta":{"_joinchat":[],"footnotes":""},"class_list":["post-6634","page","type-page","status-publish","hentry"],"_links":{"self":[{"href":"https:\/\/intereuropa.es\/fr\/wp-json\/wp\/v2\/pages\/6634","targetHints":{"allow":["GET"]}}],"collection":[{"href":"https:\/\/intereuropa.es\/fr\/wp-json\/wp\/v2\/pages"}],"about":[{"href":"https:\/\/intereuropa.es\/fr\/wp-json\/wp\/v2\/types\/page"}],"author":[{"embeddable":true,"href":"https:\/\/intereuropa.es\/fr\/wp-json\/wp\/v2\/users\/12"}],"replies":[{"embeddable":true,"href":"https:\/\/intereuropa.es\/fr\/wp-json\/wp\/v2\/comments?post=6634"}],"version-history":[{"count":6,"href":"https:\/\/intereuropa.es\/fr\/wp-json\/wp\/v2\/pages\/6634\/revisions"}],"predecessor-version":[{"id":8688,"href":"https:\/\/intereuropa.es\/fr\/wp-json\/wp\/v2\/pages\/6634\/revisions\/8688"}],"wp:attachment":[{"href":"https:\/\/intereuropa.es\/fr\/wp-json\/wp\/v2\/media?parent=6634"}],"curies":[{"name":"wp","href":"https:\/\/api.w.org\/{rel}","templated":true}]}}

<div class="wpb-content-wrapper"><p>[vc_row][vc_column]<div class="columns_wrap sc_columns columns_nofluid sc_columns_count_2"><div class="column-1_2 sc_column_item sc_column_item_1 odd first">[vc_gallery interval= »3&Prime; images= »1122,1123,1121,1115&Prime; img_size= »full » onclick= » » el_id= »valenciagaleriauna » el_class= »valenciagaleria »]</div><div class="column-1_2 sc_column_item sc_column_item_2 even">[vc_column_text]</p>
<h4 style="margin-top: 0em; font-size: 27px;">École d&rsquo;espagnol à Valence</h4>
<p><span class="texto Estilo6">Valence, troisième ville d’Espagne après Madrid et Barcelone.<br />
Vive et dynamique, Valence est une ville moderne, plus connue encore aujourd’hui pour sa Cité des Arts et des Sciences qui comprend le plus grand aquarium d’Europe, l´Hémisferic, le Musée des Sciences, le Bioparc et le circuit urbain de Formule 1. Valence est sans aucun doute un endroit attrayant pour apprendre l’espagnol, sans le stress des grandes villes mais avec tous les avantages que celle-ci vous offrent. </span></p>
<h4 style="margin-top: 1.5em; font-size: 27px;">La Région</h4>
<p>Son climat chaud et ses plages extraordinaires offrent la possibilité de pratiquer différents sports comme le golf, l’équitation, le tennis et une grande variété de sports nautiques. L’offre nocturne de Valence est une des plus intéressantes et originales de toute la côte méditerranéenne.[/vc_column_text]</div></div>[vc_empty_space]<div class="columns_wrap sc_columns columns_nofluid sc_columns_count_2"><div class="column-1_2 sc_column_item sc_column_item_1 odd first">[vc_column_text]</p>
<h4 style="margin-top: 0em; font-size: 27px;">A Valence, vous ne vous sentirez jamais seul</h4>
<p class="titulopeq">Il y a toujours des fêtes dans les environs pendant les mois de juillet, août et septembre. Ce sont généralement des fêtes en commémoration des Saints patrons ou des célébrations de faits historiques de la communauté, des feux d’artifices et les fameuses corridas de taureaux.<br />
La fête locale de Valence « LAS FALLAS », est la plus importante et la plus célèbre de la ville. Au mois de mars, pendant 4 jours, des monuments de papier mâché qui reflètent des thèmes populaires et ironiques se dressent dans tous les coins de la ville pour être brûlés le 19 mars.</p>
<p class="titulopeq">Plusieurs fois par an, quelle que soit l’occasion, on pourra observer des feux d’artifices dans la ville de Valence.</p>
<p>[/vc_column_text]</div><div class="column-1_2 sc_column_item sc_column_item_2 even">[vc_gallery interval= »3&Prime; images= »1120,1119,1118,1116&Prime; img_size= »full » onclick= » » el_class= »valenciagaleria » el_id= »valenciagaleriados »]</div></div>[vc_empty_space][/vc_column][/vc_row][vc_row parallax= »content-moving » parallax_image= »907&Prime;][vc_column width= »1/2&Prime;]<div id="sc_call_to_action_1657467022" class="sc_call_to_action sc_call_to_action_style_2 sc_call_to_action_align_center margin_top_small margin_bottom_small margin_left_small" style="width:100%;"><div class="sc_call_to_action_info"><h4 class="sc_call_to_action_subtitle sc_item_subtitle">Qu'est-ce que vous devez savoir avant de voyager à Valence?</h4></div><div class="sc_call_to_action_buttons sc_item_buttons"><div class="sc_call_to_action_button sc_item_button"><a href="http://intereuropa.es/fr/venir-a-valence/" class="sc_button sc_button_square sc_button_style_filled sc_button_size_large">En savoir plus</a></div></div></div>[/vc_column][vc_column width= »1/2&Prime;][/vc_column][/vc_row]</p>
</div>
