{"id":6639,"date":"2018-01-19T13:02:18","date_gmt":"2018-01-19T13:02:18","guid":{"rendered":"http:\/\/intereuropa.es\/viajar-a-valencia\/"},"modified":"2019-11-21T11:20:18","modified_gmt":"2019-11-21T11:20:18","slug":"venir-a-valence","status":"publish","type":"page","link":"https:\/\/intereuropa.es\/fr\/venir-a-valence\/","title":{"rendered":"Venir \u00e0 Valence"},"content":{"rendered":"<div class=\"wpb-content-wrapper\"><p>[vc_row][vc_column width=\u00a0\u00bb1\/4&Prime; css=\u00a0\u00bb.vc_custom_1516367548972{background-color: #f2f2f2 !important;}\u00a0\u00bb]<div id=\"sc_services_1836585484_wrap\" class=\"sc_services_wrap\"><div id=\"sc_services_1836585484\" class=\"sc_services sc_services_style_services-5 sc_services_type_icons  alojamientosesp \" style=\"width:100%;\"><h3 class=\"sc_services_title sc_item_title sc_item_title_without_descr\">Logement<\/h3>\t\t\t<div id=\"sc_services_1836585484_1\"\t\t\t\tclass=\"sc_services_item sc_services_item_1 odd first\"\n\t\t\t\t>\n\t\t\t\t<a href=\"https:\/\/intereuropa.es\/fr\/h\u00e9bergements\/chambre-au-sein-dune-famille\/\"><span class=\"sc_icon icon-diamond-light\"><\/span><\/a>\t\t\t\t<div class=\"sc_services_item_content\">\n\t\t\t\t\t<h4 class=\"sc_services_item_title\"><a href=\"https:\/\/intereuropa.es\/fr\/h\u00e9bergements\/chambre-au-sein-dune-famille\/\">Chambre au sein d\u2019une famille<\/a><\/h4>\n\t\t\t\t\t<div class=\"sc_services_item_description\">\n\t\t\t\t\t\t<p>C&rsquo;est la meilleure mani\u00e8re de pratiquer la langue en dehors des cours en exp\u00e9rimentant et en partageant la culture espagnole.<\/p><a href=\"https:\/\/intereuropa.es\/fr\/h\u00e9bergements\/chambre-au-sein-dune-famille\/\" class=\"sc_services_item_readmore\">Learn more<span class=\"icon-right\"><\/span><\/a>\t\t\t\t\t<\/div>\n\t\t\t\t<\/div>\n\t\t\t<\/div>\n\t\t\t\t\t<div id=\"sc_services_1836585484_2\"\t\t\t\tclass=\"sc_services_item sc_services_item_2 even\"\n\t\t\t\t>\n\t\t\t\t<a href=\"https:\/\/intereuropa.es\/fr\/h\u00e9bergements\/chambre-dans-un-appartement-en-colocation-avec-dautres-etudiants\/\"><span class=\"sc_icon icon-shop-light\"><\/span><\/a>\t\t\t\t<div class=\"sc_services_item_content\">\n\t\t\t\t\t<h4 class=\"sc_services_item_title\"><a href=\"https:\/\/intereuropa.es\/fr\/h\u00e9bergements\/chambre-dans-un-appartement-en-colocation-avec-dautres-etudiants\/\">Chambre dans un appartement en colocation avec d\u2019autres \u00e9tudiants<\/a><\/h4>\n\t\t\t\t\t<div class=\"sc_services_item_description\">\n\t\t\t\t\t\t<p>Pour ceux qui recherchent une certaine ind\u00e9pendance.<\/p><a href=\"https:\/\/intereuropa.es\/fr\/h\u00e9bergements\/chambre-dans-un-appartement-en-colocation-avec-dautres-etudiants\/\" class=\"sc_services_item_readmore\">Learn more<span class=\"icon-right\"><\/span><\/a>\t\t\t\t\t<\/div>\n\t\t\t\t<\/div>\n\t\t\t<\/div>\n\t\t\t\t\t<div id=\"sc_services_1836585484_3\"\t\t\t\tclass=\"sc_services_item sc_services_item_3 odd\"\n\t\t\t\t>\n\t\t\t\t<a href=\"https:\/\/intereuropa.es\/fr\/h\u00e9bergements\/residence-universitaire\/\"><span class=\"sc_icon icon-graduation-light\"><\/span><\/a>\t\t\t\t<div class=\"sc_services_item_content\">\n\t\t\t\t\t<h4 class=\"sc_services_item_title\"><a href=\"https:\/\/intereuropa.es\/fr\/h\u00e9bergements\/residence-universitaire\/\">R\u00e9sidence universitaire<\/a><\/h4>\n\t\t\t\t\t<div class=\"sc_services_item_description\">\n\t\t\t\t\t\t<p>Nous recommandons ce type d&rsquo;h\u00e9bergement pour les personnes qui veulent conna\u00eetre la vie universitaire en Espagne.<\/p><a href=\"https:\/\/intereuropa.es\/fr\/h\u00e9bergements\/residence-universitaire\/\" class=\"sc_services_item_readmore\">Learn more<span class=\"icon-right\"><\/span><\/a>\t\t\t\t\t<\/div>\n\t\t\t\t<\/div>\n\t\t\t<\/div>\n\t\t\t\t\t<div id=\"sc_services_1836585484_4\"\t\t\t\tclass=\"sc_services_item sc_services_item_4 even\"\n\t\t\t\t>\n\t\t\t\t<a href=\"https:\/\/intereuropa.es\/fr\/h\u00e9bergements\/appartement-prive\/\"><span class=\"sc_icon icon-key-light\"><\/span><\/a>\t\t\t\t<div class=\"sc_services_item_content\">\n\t\t\t\t\t<h4 class=\"sc_services_item_title\"><a href=\"https:\/\/intereuropa.es\/fr\/h\u00e9bergements\/appartement-prive\/\">Appartement priv\u00e9<\/a><\/h4>\n\t\t\t\t\t<div class=\"sc_services_item_description\">\n\t\t\t\t\t\t<p>Pour ceux qui recherchent \u00e0 la fois tranquilit\u00e9 et ind\u00e9pendance. Appartements dans le centre ville pour 1 ou 2 personnes.<\/p><a href=\"https:\/\/intereuropa.es\/fr\/h\u00e9bergements\/appartement-prive\/\" class=\"sc_services_item_readmore\">Learn more<span class=\"icon-right\"><\/span><\/a>\t\t\t\t\t<\/div>\n\t\t\t\t<\/div>\n\t\t\t<\/div>\n\t\t<\/div><!-- \/.sc_services --><\/div><!-- \/.sc_services_wrap -->[\/vc_column][vc_column width=\u00a0\u00bb3\/4&Prime;]<h4 class=\"sc_title sc_title_regular margin_top_large\">Que faut-il savoir avant de venir \u00e0 Valence?<\/h4>[vc_column_text]Avant d&rsquo;arriver \u00e0 Valence, il est utile de savoir que notre a\u00e9roport de Manises communique avec la ville gr\u00e2ce \u00e0 :<\/p>\n<p><strong>L&rsquo;Autobus:<\/strong>\u00a0L&rsquo;autobus part de l&rsquo;a\u00e9roport toutes les 20 minutes. Son arr\u00eat se trouve juste devant la porte de sortie, il vous am\u00e8ne directement rue Bail\u00e9n, au centre ville, o\u00f9 vous pourrez prendre la ligne de m\u00e9tro num\u00e9ro 3, la rouge (arr\u00eat X\u00e0tiva, le plus proche de l&rsquo;\u00e9cole).<\/p>\n<p><strong>M\u00e9tro:<\/strong> Il part de l&rsquo;a\u00e9roport et passe par les principaux lieux du centre ville.<\/p>\n<p><strong>Taxi:<\/strong> Bien s\u00fbr, vous pouvez aussi demander un taxi aux num\u00e9ros de t\u00e9l\u00e9phones suivants:<\/p>\n<p><strong>Radio taxi<\/strong> +34 963571313<br \/>\n<strong>Onda taxi<\/strong> +34 963703333<\/p>\n<p><strong>La gare:<\/strong> \u00ab\u00a0Gare du Nord\u00a0\u00bb est en plein centre de Valence, \u00e0 environ 150 m de notre \u00e9cole.<\/p>\n<p><strong>Service de bienvenue:<\/strong> Notre \u00e9cole offre aussi la possibilit\u00e9 de vous emmener de l&rsquo;a\u00e9roport au lieu de s\u00e9jour pour un prix de 50 \u20ac.<\/p>\n<p><strong>Pour tous ceux qui utilisent notre service d&rsquo;h\u00e9bergement, il est utile de savoir qu&rsquo;il n&rsquo;est pas n\u00e9cessaire d&rsquo;apporter des draps, mais des serviettes de toilette sont indispensables.<\/strong><\/p>\n<p>Nous offrons un acc\u00e8s libre aux ordinateurs. De m\u00eame, ceux qui apportent leur propre ordinateur portable ont la possibilit\u00e9 de se connecter avec la wifi.<br \/>\nValence dispose d&rsquo;un r\u00e9seau de 9 lignes de m\u00e9tro; cependant le transport en autobus est efficace et dessert tr\u00e8s bien toute la ville.<\/p>\n<p>Par exemple, juste devant l&rsquo;\u00e9cole, l&rsquo;autobus num\u00e9ro 19 passe toutes les dix minutes et dessert, depuis la Place de l&rsquo;h\u00f4tel de ville, la Plage de la Malvarrosa et le port de la Coupe d&rsquo;Am\u00e9rique.<\/p>\n<p>Pour vous d\u00e9placer dans la ville, nous vous conseillons d&rsquo;acheter un BONOB\u00daS vendu dans les kiosques ou bien un BONOMETRO que l&rsquo;on peut se procurer directement dans la station de m\u00e9tro; les deux vous permettent de faire 10 voyages tout en \u00e9conomisant 50% par rapport au prix d\u00b4un billet simple.[\/vc_column_text][\/vc_column][\/vc_row]<\/p>\n<\/div>","protected":false},"excerpt":{"rendered":"<p>[vc_row][vc_column width=\u00a0\u00bb1\/4&Prime; css=\u00a0\u00bb.vc_custom_1516367548972{background-color: #f2f2f2 !important;}\u00a0\u00bb][\/vc_column][vc_column width=\u00a0\u00bb3\/4&Prime;][vc_column_text]Avant d&rsquo;arriver \u00e0 Valence, il est utile de savoir que notre a\u00e9roport de Manises communique avec la ville gr\u00e2ce \u00e0 : L&rsquo;Autobus:\u00a0L&rsquo;autobus part de l&rsquo;a\u00e9roport toutes les 20 minutes. Son arr\u00eat se trouve juste devant la porte de sortie, il vous am\u00e8ne directement rue Bail\u00e9n, au centre ville, o\u00f9 vous [&hellip;]<\/p>\n","protected":false},"author":12,"featured_media":0,"parent":0,"menu_order":0,"comment_status":"closed","ping_status":"closed","template":"","meta":{"_joinchat":[],"footnotes":""},"class_list":["post-6639","page","type-page","status-publish","hentry"],"_links":{"self":[{"href":"https:\/\/intereuropa.es\/fr\/wp-json\/wp\/v2\/pages\/6639","targetHints":{"allow":["GET"]}}],"collection":[{"href":"https:\/\/intereuropa.es\/fr\/wp-json\/wp\/v2\/pages"}],"about":[{"href":"https:\/\/intereuropa.es\/fr\/wp-json\/wp\/v2\/types\/page"}],"author":[{"embeddable":true,"href":"https:\/\/intereuropa.es\/fr\/wp-json\/wp\/v2\/users\/12"}],"replies":[{"embeddable":true,"href":"https:\/\/intereuropa.es\/fr\/wp-json\/wp\/v2\/comments?post=6639"}],"version-history":[{"count":2,"href":"https:\/\/intereuropa.es\/fr\/wp-json\/wp\/v2\/pages\/6639\/revisions"}],"predecessor-version":[{"id":8687,"href":"https:\/\/intereuropa.es\/fr\/wp-json\/wp\/v2\/pages\/6639\/revisions\/8687"}],"wp:attachment":[{"href":"https:\/\/intereuropa.es\/fr\/wp-json\/wp\/v2\/media?parent=6639"}],"curies":[{"name":"wp","href":"https:\/\/api.w.org\/{rel}","templated":true}]}}

Venir à Valence

<div class="wpb-content-wrapper"><p>[vc_row][vc_column width= »1/4&Prime; css= ».vc_custom_1516367548972{background-color: #f2f2f2 !important;} »]<div id="sc_services_1836585484_wrap" class="sc_services_wrap"><div id="sc_services_1836585484" class="sc_services sc_services_style_services-5 sc_services_type_icons  alojamientosesp " style="width:100%;"><h3 class="sc_services_title sc_item_title sc_item_title_without_descr">Logement</h3>			<div id="sc_services_1836585484_1"				class="sc_services_item sc_services_item_1 odd first"
				>
				<a href="https://intereuropa.es/fr/hébergements/chambre-au-sein-dune-famille/"><span class="sc_icon icon-diamond-light"></span></a>				<div class="sc_services_item_content">
					<h4 class="sc_services_item_title"><a href="https://intereuropa.es/fr/hébergements/chambre-au-sein-dune-famille/">Chambre au sein d’une famille</a></h4>
					<div class="sc_services_item_description">
						<p>C&rsquo;est la meilleure manière de pratiquer la langue en dehors des cours en expérimentant et en partageant la culture espagnole.</p><a href="https://intereuropa.es/fr/hébergements/chambre-au-sein-dune-famille/" class="sc_services_item_readmore">Learn more<span class="icon-right"></span></a>					</div>
				</div>
			</div>
					<div id="sc_services_1836585484_2"				class="sc_services_item sc_services_item_2 even"
				>
				<a href="https://intereuropa.es/fr/hébergements/chambre-dans-un-appartement-en-colocation-avec-dautres-etudiants/"><span class="sc_icon icon-shop-light"></span></a>				<div class="sc_services_item_content">
					<h4 class="sc_services_item_title"><a href="https://intereuropa.es/fr/hébergements/chambre-dans-un-appartement-en-colocation-avec-dautres-etudiants/">Chambre dans un appartement en colocation avec d’autres étudiants</a></h4>
					<div class="sc_services_item_description">
						<p>Pour ceux qui recherchent une certaine indépendance.</p><a href="https://intereuropa.es/fr/hébergements/chambre-dans-un-appartement-en-colocation-avec-dautres-etudiants/" class="sc_services_item_readmore">Learn more<span class="icon-right"></span></a>					</div>
				</div>
			</div>
					<div id="sc_services_1836585484_3"				class="sc_services_item sc_services_item_3 odd"
				>
				<a href="https://intereuropa.es/fr/hébergements/residence-universitaire/"><span class="sc_icon icon-graduation-light"></span></a>				<div class="sc_services_item_content">
					<h4 class="sc_services_item_title"><a href="https://intereuropa.es/fr/hébergements/residence-universitaire/">Résidence universitaire</a></h4>
					<div class="sc_services_item_description">
						<p>Nous recommandons ce type d&rsquo;hébergement pour les personnes qui veulent connaître la vie universitaire en Espagne.</p><a href="https://intereuropa.es/fr/hébergements/residence-universitaire/" class="sc_services_item_readmore">Learn more<span class="icon-right"></span></a>					</div>
				</div>
			</div>
					<div id="sc_services_1836585484_4"				class="sc_services_item sc_services_item_4 even"
				>
				<a href="https://intereuropa.es/fr/hébergements/appartement-prive/"><span class="sc_icon icon-key-light"></span></a>				<div class="sc_services_item_content">
					<h4 class="sc_services_item_title"><a href="https://intereuropa.es/fr/hébergements/appartement-prive/">Appartement privé</a></h4>
					<div class="sc_services_item_description">
						<p>Pour ceux qui recherchent à la fois tranquilité et indépendance. Appartements dans le centre ville pour 1 ou 2 personnes.</p><a href="https://intereuropa.es/fr/hébergements/appartement-prive/" class="sc_services_item_readmore">Learn more<span class="icon-right"></span></a>					</div>
				</div>
			</div>
		</div><!-- /.sc_services --></div><!-- /.sc_services_wrap -->[/vc_column][vc_column width= »3/4&Prime;]<h4 class="sc_title sc_title_regular margin_top_large">Que faut-il savoir avant de venir à Valence?</h4>[vc_column_text]Avant d&rsquo;arriver à Valence, il est utile de savoir que notre aéroport de Manises communique avec la ville grâce à :</p>
<p><strong>L&rsquo;Autobus:</strong> L&rsquo;autobus part de l&rsquo;aéroport toutes les 20 minutes. Son arrêt se trouve juste devant la porte de sortie, il vous amène directement rue Bailén, au centre ville, où vous pourrez prendre la ligne de métro numéro 3, la rouge (arrêt Xàtiva, le plus proche de l&rsquo;école).</p>
<p><strong>Métro:</strong> Il part de l&rsquo;aéroport et passe par les principaux lieux du centre ville.</p>
<p><strong>Taxi:</strong> Bien sûr, vous pouvez aussi demander un taxi aux numéros de téléphones suivants:</p>
<p><strong>Radio taxi</strong> +34 963571313<br />
<strong>Onda taxi</strong> +34 963703333</p>
<p><strong>La gare:</strong> « Gare du Nord » est en plein centre de Valence, à environ 150 m de notre école.</p>
<p><strong>Service de bienvenue:</strong> Notre école offre aussi la possibilité de vous emmener de l&rsquo;aéroport au lieu de séjour pour un prix de 50 €.</p>
<p><strong>Pour tous ceux qui utilisent notre service d&rsquo;hébergement, il est utile de savoir qu&rsquo;il n&rsquo;est pas nécessaire d&rsquo;apporter des draps, mais des serviettes de toilette sont indispensables.</strong></p>
<p>Nous offrons un accès libre aux ordinateurs. De même, ceux qui apportent leur propre ordinateur portable ont la possibilité de se connecter avec la wifi.<br />
Valence dispose d&rsquo;un réseau de 9 lignes de métro; cependant le transport en autobus est efficace et dessert très bien toute la ville.</p>
<p>Par exemple, juste devant l&rsquo;école, l&rsquo;autobus numéro 19 passe toutes les dix minutes et dessert, depuis la Place de l&rsquo;hôtel de ville, la Plage de la Malvarrosa et le port de la Coupe d&rsquo;Amérique.</p>
<p>Pour vous déplacer dans la ville, nous vous conseillons d&rsquo;acheter un BONOBÚS vendu dans les kiosques ou bien un BONOMETRO que l&rsquo;on peut se procurer directement dans la station de métro; les deux vous permettent de faire 10 voyages tout en économisant 50% par rapport au prix d´un billet simple.[/vc_column_text][/vc_column][/vc_row]</p>
</div>

<p>[vc_row][vc_column width= »1/4&Prime; css= ».vc_custom_1516367548972{background-color: #f2f2f2 !important;} »][/vc_column][vc_column width= »3/4&Prime;][vc_column_text]Avant d&rsquo;arriver à Valence, il est utile de savoir que notre aéroport de Manises communique avec la ville grâce à : L&rsquo;Autobus: L&rsquo;autobus part de l&rsquo;aéroport toutes les 20 minutes. Son arrêt se trouve juste devant la porte de sortie, il vous amène directement rue Bailén, au centre ville, où vous [&hellip;]</p>
